{"id":44933,"date":"2026-04-07T19:47:24","date_gmt":"2026-04-07T17:47:24","guid":{"rendered":"https:\/\/barenboim-said.org\/?post_type=product&#038;p=44933"},"modified":"2026-04-08T16:14:55","modified_gmt":"2026-04-08T14:14:55","slug":"1100h-tambe-el-pequeno-djembe-cuento-musical-wl","status":"publish","type":"product","link":"https:\/\/barenboim-said.org\/es\/colaboracion\/1100h-tambe-el-pequeno-djembe-cuento-musical-wl\/","title":{"rendered":"11:00h Tamb\u00e9, el peque\u00f1o djemb\u00e9. Cuento musical_WL"},"content":{"rendered":"","protected":false},"excerpt":{"rendered":"<p><strong>S\u00c1BADO 11 DE ABRIL<\/strong><\/p>\n<p>11:00 &#8211; 12:00: ni\u00f1os\/as de 3 a 5 a\u00f1os y un adulto (adulto entrada gratuita).<\/p>\n<p>Los sonidos dicen mucho de quienes los emiten. Bienvenidos a la historia de Tamb\u00e9. Sus aventuras musicales nos transportar\u00e1n al coraz\u00f3n de \u00c1frica y m\u00e1s all\u00e1. Viajaremos a trav\u00e9s de sus ritmos trepidantes acompa\u00f1ados de canciones que nos har\u00e1n vibrar en un concierto participativo cuyo mensaje pretende concienciar sobre la importancia de la diversidad e igualdad entre todas las personas.<\/p>\n","protected":false},"featured_media":43531,"template":"","meta":[],"product_brand":[],"product_cat":[70],"product_tag":[],"class_list":{"0":"post-44933","1":"product","2":"type-product","3":"status-publish","4":"has-post-thumbnail","6":"product_cat-talleres-musicales","8":"first","9":"outofstock","10":"virtual","11":"purchasable","12":"product-type-simple"},"_links":{"self":[{"href":"https:\/\/barenboim-said.org\/es\/wp-json\/wp\/v2\/product\/44933","targetHints":{"allow":["GET"]}}],"collection":[{"href":"https:\/\/barenboim-said.org\/es\/wp-json\/wp\/v2\/product"}],"about":[{"href":"https:\/\/barenboim-said.org\/es\/wp-json\/wp\/v2\/types\/product"}],"version-history":[{"count":1,"href":"https:\/\/barenboim-said.org\/es\/wp-json\/wp\/v2\/product\/44933\/revisions"}],"predecessor-version":[{"id":44934,"href":"https:\/\/barenboim-said.org\/es\/wp-json\/wp\/v2\/product\/44933\/revisions\/44934"}],"wp:featuredmedia":[{"embeddable":true,"href":"https:\/\/barenboim-said.org\/es\/wp-json\/wp\/v2\/media\/43531"}],"wp:attachment":[{"href":"https:\/\/barenboim-said.org\/es\/wp-json\/wp\/v2\/media?parent=44933"}],"wp:term":[{"taxonomy":"product_brand","embeddable":true,"href":"https:\/\/barenboim-said.org\/es\/wp-json\/wp\/v2\/product_brand?post=44933"},{"taxonomy":"product_cat","embeddable":true,"href":"https:\/\/barenboim-said.org\/es\/wp-json\/wp\/v2\/product_cat?post=44933"},{"taxonomy":"product_tag","embeddable":true,"href":"https:\/\/barenboim-said.org\/es\/wp-json\/wp\/v2\/product_tag?post=44933"}],"curies":[{"name":"wp","href":"https:\/\/api.w.org\/{rel}","templated":true}]}}

11:00h També, el pequeño djembé. Cuento musical_WL

<p><strong>SÁBADO 11 DE ABRIL</strong></p>
<p>11:00 &#8211; 12:00: niños/as de 3 a 5 años y un adulto (adulto entrada gratuita).</p>
<p>Los sonidos dicen mucho de quienes los emiten. Bienvenidos a la historia de També. Sus aventuras musicales nos transportarán al corazón de África y más allá. Viajaremos a través de sus ritmos trepidantes acompañados de canciones que nos harán vibrar en un concierto participativo cuyo mensaje pretende concienciar sobre la importancia de la diversidad e igualdad entre todas las personas.</p>
