{"id":44361,"date":"2026-02-18T08:52:00","date_gmt":"2026-02-18T07:52:00","guid":{"rendered":"https:\/\/barenboim-said.org\/?post_type=product&#038;p=44361"},"modified":"2026-02-19T17:16:00","modified_gmt":"2026-02-19T16:16:00","slug":"1230h-mis-primeras-notas-taller-de-musica-para-bebes-wl","status":"publish","type":"product","link":"https:\/\/barenboim-said.org\/en\/colaboracion\/1230h-mis-primeras-notas-taller-de-musica-para-bebes-wl\/","title":{"rendered":"12:30h Mis primeras notas. Taller de m\u00fasica para beb\u00e9s WL"},"content":{"rendered":"","protected":false},"excerpt":{"rendered":"<p><strong>S\u00c1BADO 21 DE FEBRERO<\/strong><\/p>\n<p>12:30 \u2013 13:30: beb\u00e9s de 19 a 36 meses y un adulto (adulto entrada gratuita)<\/p>\n<p>Sesi\u00f3n de m\u00fasica para beb\u00e9s con actividades basadas en la Teor\u00eda del Aprendizaje Musical de E. Gordon, activas, participativas y adaptadas a cada nivel de desarrollo. Un taller para disfrutar en familia, que sirve para acercar la m\u00fasica a la vida cotidiana, ofreciendo recursos para estrechar los lazos afectivos con los m\u00e1s peque\u00f1os.<\/p>\n<p>Docente: Elisabet Llort Riera<\/p>\n","protected":false},"featured_media":43527,"template":"","meta":[],"product_brand":[],"product_cat":[70],"product_tag":[],"class_list":{"0":"post-44361","1":"product","2":"type-product","3":"status-publish","4":"has-post-thumbnail","6":"product_cat-talleres-musicales","8":"first","9":"outofstock","10":"virtual","11":"purchasable","12":"product-type-simple"},"_links":{"self":[{"href":"https:\/\/barenboim-said.org\/en\/wp-json\/wp\/v2\/product\/44361","targetHints":{"allow":["GET"]}}],"collection":[{"href":"https:\/\/barenboim-said.org\/en\/wp-json\/wp\/v2\/product"}],"about":[{"href":"https:\/\/barenboim-said.org\/en\/wp-json\/wp\/v2\/types\/product"}],"version-history":[{"count":1,"href":"https:\/\/barenboim-said.org\/en\/wp-json\/wp\/v2\/product\/44361\/revisions"}],"predecessor-version":[{"id":44362,"href":"https:\/\/barenboim-said.org\/en\/wp-json\/wp\/v2\/product\/44361\/revisions\/44362"}],"wp:featuredmedia":[{"embeddable":true,"href":"https:\/\/barenboim-said.org\/en\/wp-json\/wp\/v2\/media\/43527"}],"wp:attachment":[{"href":"https:\/\/barenboim-said.org\/en\/wp-json\/wp\/v2\/media?parent=44361"}],"wp:term":[{"taxonomy":"product_brand","embeddable":true,"href":"https:\/\/barenboim-said.org\/en\/wp-json\/wp\/v2\/product_brand?post=44361"},{"taxonomy":"product_cat","embeddable":true,"href":"https:\/\/barenboim-said.org\/en\/wp-json\/wp\/v2\/product_cat?post=44361"},{"taxonomy":"product_tag","embeddable":true,"href":"https:\/\/barenboim-said.org\/en\/wp-json\/wp\/v2\/product_tag?post=44361"}],"curies":[{"name":"wp","href":"https:\/\/api.w.org\/{rel}","templated":true}]}}

12:30h Mis primeras notas. Taller de música para bebés WL

<p><strong>SÁBADO 21 DE FEBRERO</strong></p>
<p>12:30 – 13:30: bebés de 19 a 36 meses y un adulto (adulto entrada gratuita)</p>
<p>Sesión de música para bebés con actividades basadas en la Teoría del Aprendizaje Musical de E. Gordon, activas, participativas y adaptadas a cada nivel de desarrollo. Un taller para disfrutar en familia, que sirve para acercar la música a la vida cotidiana, ofreciendo recursos para estrechar los lazos afectivos con los más pequeños.</p>
<p>Docente: Elisabet Llort Riera</p>
